{"id":1399,"date":"2021-01-07T21:11:27","date_gmt":"2021-01-07T21:11:27","guid":{"rendered":"http:\/\/34.125.232.78\/?page_id=1399"},"modified":"2024-02-09T16:45:14","modified_gmt":"2024-02-09T21:45:14","slug":"memorias-pasantias-internacionales","status":"publish","type":"page","link":"https:\/\/www.iberbibliotecas.org\/por\/experiencias\/memorias-pasantias-internacionales\/","title":{"rendered":"Mem\u00f3rias Est\u00e1gios Internacionais"},"content":{"rendered":"<div data-elementor-type=\"wp-page\" data-elementor-id=\"1399\" class=\"elementor elementor-1399\">\n\t\t\t\t\t\t<div class=\"elementor-inner\">\n\t\t\t\t<div class=\"elementor-section-wrap\">\n\t\t\t\t\t\t\t\t\t<section class=\"elementor-section elementor-top-section elementor-element elementor-element-57f76aa elementor-section-boxed elementor-section-height-default elementor-section-height-default\" data-id=\"57f76aa\" data-element_type=\"section\">\n\t\t\t\t\t\t<div class=\"elementor-container elementor-column-gap-default\">\n\t\t\t\t\t\t\t<div class=\"elementor-row\">\n\t\t\t\t\t<div class=\"elementor-column elementor-col-100 elementor-top-column elementor-element elementor-element-eb11151\" data-id=\"eb11151\" data-element_type=\"column\">\n\t\t\t<div class=\"elementor-column-wrap elementor-element-populated\">\n\t\t\t\t\t\t\t<div class=\"elementor-widget-wrap\">\n\t\t\t\t\t\t<div class=\"elementor-element elementor-element-7a9aab8 elementor-widget elementor-widget-spacer\" data-id=\"7a9aab8\" data-element_type=\"widget\" data-widget_type=\"spacer.default\">\n\t\t\t\t<div class=\"elementor-widget-container\">\n\t\t\t\t\t<div class=\"elementor-spacer\">\n\t\t\t<div class=\"elementor-spacer-inner\"><\/div>\n\t\t<\/div>\n\t\t\t\t<\/div>\n\t\t\t\t<\/div>\n\t\t\t\t<div class=\"elementor-element elementor-element-737541c elementor-widget elementor-widget-heading\" data-id=\"737541c\" data-element_type=\"widget\" data-widget_type=\"heading.default\">\n\t\t\t\t<div class=\"elementor-widget-container\">\n\t\t\t<h1 class=\"elementor-heading-title elementor-size-default\">MEM\u00d3RIAS EST\u00c1GIOS INTERNACIONAIS<\/h1>\t\t<\/div>\n\t\t\t\t<\/div>\n\t\t\t\t<div class=\"elementor-element elementor-element-fa0553e elementor-hidden-phone elementor-widget elementor-widget-spacer\" data-id=\"fa0553e\" data-element_type=\"widget\" data-widget_type=\"spacer.default\">\n\t\t\t\t<div class=\"elementor-widget-container\">\n\t\t\t\t\t<div class=\"elementor-spacer\">\n\t\t\t<div class=\"elementor-spacer-inner\"><\/div>\n\t\t<\/div>\n\t\t\t\t<\/div>\n\t\t\t\t<\/div>\n\t\t\t\t\t\t<\/div>\n\t\t\t\t\t<\/div>\n\t\t<\/div>\n\t\t\t\t\t\t\t\t<\/div>\n\t\t\t\t\t<\/div>\n\t\t<\/section>\n\t\t\t\t<section class=\"elementor-section elementor-top-section elementor-element elementor-element-81527b4 elementor-section-boxed elementor-section-height-default elementor-section-height-default\" data-id=\"81527b4\" data-element_type=\"section\">\n\t\t\t\t\t\t<div class=\"elementor-container elementor-column-gap-default\">\n\t\t\t\t\t\t\t<div class=\"elementor-row\">\n\t\t\t\t\t<div class=\"elementor-column elementor-col-100 elementor-top-column elementor-element elementor-element-08ac086\" data-id=\"08ac086\" data-element_type=\"column\">\n\t\t\t<div class=\"elementor-column-wrap elementor-element-populated\">\n\t\t\t\t\t\t\t<div class=\"elementor-widget-wrap\">\n\t\t\t\t\t\t<div class=\"elementor-element elementor-element-ad157d0 elementor-widget elementor-widget-heading\" data-id=\"ad157d0\" data-element_type=\"widget\" data-widget_type=\"heading.default\">\n\t\t\t\t<div class=\"elementor-widget-container\">\n\t\t\t<h2 class=\"elementor-heading-title elementor-size-default\">O QUE VOC\u00ca VAI ENCONTRAR?<\/h2>\t\t<\/div>\n\t\t\t\t<\/div>\n\t\t\t\t<div class=\"elementor-element elementor-element-74333df elementor-widget elementor-widget-text-editor\" data-id=\"74333df\" data-element_type=\"widget\" data-widget_type=\"text-editor.default\">\n\t\t\t\t<div class=\"elementor-widget-container\">\n\t\t\t\t\t\t\t\t<div class=\"elementor-text-editor elementor-clearfix\">\n\t\t\t\t<p>Com o objetivo de contribuir para o desenvolvimento de recursos humanos suficientes e altamente qualificados para assumir os desafios das bibliotecas p\u00fablicas da regi\u00e3o ibero-americana, o Programa Ibero-Americano de Bibliotecas P\u00fablicas, Iberbibliotecas, apresenta o seu programa de est\u00e1gios internacionais dirigido a bibliotec\u00e1rios p\u00fablicos dos pa\u00edses e cidades membros. Os bibliotec\u00e1rios poder\u00e3o melhorar as suas compet\u00eancias profissionais, a comunica\u00e7\u00e3o e a colabora\u00e7\u00e3o entre profissionais de bibliotecas ibero-americanas. Pretende-se igualmente fortalecer os sistemas de bibliotecas p\u00fablicas.<\/p><p>Todos os anos o Programa Iberbibliotecas selecionar\u00e1 um pa\u00eds membro para a realiza\u00e7\u00e3o dos est\u00e1gios e apoiar\u00e1 bibliotec\u00e1rios de cada um dos membros ativos do Iberbibliotecas, num numero que esteja de acordo com os fundos destinados todos os anos ao concurso.<\/p>\t\t\t\t\t<\/div>\n\t\t\t\t\t\t<\/div>\n\t\t\t\t<\/div>\n\t\t\t\t\t\t<\/div>\n\t\t\t\t\t<\/div>\n\t\t<\/div>\n\t\t\t\t\t\t\t\t<\/div>\n\t\t\t\t\t<\/div>\n\t\t<\/section>\n\t\t\t\t<section class=\"elementor-section elementor-top-section elementor-element elementor-element-216af00 elementor-section-boxed elementor-section-height-default elementor-section-height-default\" data-id=\"216af00\" data-element_type=\"section\" data-settings=\"{&quot;background_background&quot;:&quot;classic&quot;}\">\n\t\t\t\t\t\t<div class=\"elementor-container elementor-column-gap-default\">\n\t\t\t\t\t\t\t<div class=\"elementor-row\">\n\t\t\t\t\t<div class=\"elementor-column elementor-col-100 elementor-top-column elementor-element elementor-element-61e0546\" data-id=\"61e0546\" data-element_type=\"column\">\n\t\t\t<div class=\"elementor-column-wrap elementor-element-populated\">\n\t\t\t\t\t\t\t<div class=\"elementor-widget-wrap\">\n\t\t\t\t\t\t<div class=\"elementor-element elementor-element-c931f71 elementor-grid-eael-col-2 elementor-grid-tablet-eael-col-2 elementor-grid-mobile-eael-col-1 elementor-widget elementor-widget-eael-post-grid\" data-id=\"c931f71\" data-element_type=\"widget\" data-settings=\"{&quot;eael_post_grid_columns&quot;:&quot;eael-col-2&quot;,&quot;eael_post_grid_columns_tablet&quot;:&quot;eael-col-2&quot;,&quot;eael_post_grid_columns_mobile&quot;:&quot;eael-col-1&quot;}\" data-widget_type=\"eael-post-grid.default\">\n\t\t\t\t<div class=\"elementor-widget-container\">\n\t\t\t<div id=\"eael-post-grid-c931f71\" class=\"eael-post-grid-container\">\n            <div class=\"eael-post-grid eael-post-appender eael-post-appender-c931f71 eael-post-grid-style-default\" data-layout-mode=\"grid\"><article class=\"eael-grid-post eael-post-grid-column\" data-id=\"18236\">\n        <div class=\"eael-grid-post-holder\">\n            <div class=\"eael-grid-post-holder-inner\"><div class=\"eael-entry-media\"><div class=\"eael-entry-overlay fade-in\"><i class=\"\" aria-hidden=\"true\"><\/i><a href=\"https:\/\/www.iberbibliotecas.org\/por\/pasantia-internacional-2023\/\"target=\"_blank\"><\/a><\/div><div class=\"eael-entry-thumbnail\">\n                <img width=\"2048\" height=\"1152\" src=\"https:\/\/www.iberbibliotecas.org\/wp-content\/uploads\/2024\/02\/Iberbibliotecas_dia3-17.jpg\" class=\"attachment-full size-full\" alt=\"\" decoding=\"async\" loading=\"lazy\" srcset=\"https:\/\/www.iberbibliotecas.org\/wp-content\/uploads\/2024\/02\/Iberbibliotecas_dia3-17.jpg 2048w, https:\/\/www.iberbibliotecas.org\/wp-content\/uploads\/2024\/02\/Iberbibliotecas_dia3-17-300x169.jpg 300w, https:\/\/www.iberbibliotecas.org\/wp-content\/uploads\/2024\/02\/Iberbibliotecas_dia3-17-1024x576.jpg 1024w, https:\/\/www.iberbibliotecas.org\/wp-content\/uploads\/2024\/02\/Iberbibliotecas_dia3-17-768x432.jpg 768w, https:\/\/www.iberbibliotecas.org\/wp-content\/uploads\/2024\/02\/Iberbibliotecas_dia3-17-1536x864.jpg 1536w, https:\/\/www.iberbibliotecas.org\/wp-content\/uploads\/2024\/02\/Iberbibliotecas_dia3-17-18x10.jpg 18w\" sizes=\"100vw\" \/>\n            <\/div>\n        <\/div><div class=\"eael-entry-wrapper\"><header class=\"eael-entry-header\"><h2 class=\"eael-entry-title\"><a\n                        class=\"eael-grid-post-link\"\n                        href=\"https:\/\/www.iberbibliotecas.org\/por\/pasantia-internacional-2023\/\"\n                        title=\"Est\u00e1gio Internacional 2023\">Est\u00e1gio Internacional 2023<\/a><\/h2><\/header><div class=\"eael-entry-content\">\n                        <div class=\"eael-grid-post-excerpt\"><p>Conoce las actividades y los informes de los participantes de las Pasant\u00eda Internacional Iberbibliotecas 2023<\/p><a\n                            href=\"https:\/\/www.iberbibliotecas.org\/por\/pasantia-internacional-2023\/\"\n                            class=\"eael-post-elements-readmore-btn\"rel=\"nofollow\">Ver mais<\/a><\/div>\n                    <\/div><\/div><\/div>\n        <\/div>\n    <\/article><article class=\"eael-grid-post eael-post-grid-column\" data-id=\"8450\">\n        <div class=\"eael-grid-post-holder\">\n            <div class=\"eael-grid-post-holder-inner\"><div class=\"eael-entry-media\"><div class=\"eael-entry-overlay fade-in\"><i class=\"\" aria-hidden=\"true\"><\/i><a href=\"https:\/\/www.iberbibliotecas.org\/por\/pasantias-internacionales-2019\/\"target=\"_blank\"><\/a><\/div><div class=\"eael-entry-thumbnail\">\n                <img width=\"1200\" height=\"630\" src=\"https:\/\/www.iberbibliotecas.org\/wp-content\/uploads\/2021\/02\/Pasantias2019_og.jpg\" class=\"attachment-full size-full\" alt=\"\" decoding=\"async\" loading=\"lazy\" srcset=\"https:\/\/www.iberbibliotecas.org\/wp-content\/uploads\/2021\/02\/Pasantias2019_og.jpg 1200w, https:\/\/www.iberbibliotecas.org\/wp-content\/uploads\/2021\/02\/Pasantias2019_og-300x158.jpg 300w, https:\/\/www.iberbibliotecas.org\/wp-content\/uploads\/2021\/02\/Pasantias2019_og-1024x538.jpg 1024w, https:\/\/www.iberbibliotecas.org\/wp-content\/uploads\/2021\/02\/Pasantias2019_og-768x403.jpg 768w, https:\/\/www.iberbibliotecas.org\/wp-content\/uploads\/2021\/02\/Pasantias2019_og-16x8.jpg 16w\" sizes=\"100vw\" \/>\n            <\/div>\n        <\/div><div class=\"eael-entry-wrapper\"><header class=\"eael-entry-header\"><h2 class=\"eael-entry-title\"><a\n                        class=\"eael-grid-post-link\"\n                        href=\"https:\/\/www.iberbibliotecas.org\/por\/pasantias-internacionales-2019\/\"\n                        title=\"Est\u00e1gio Internacional 2019\">Est\u00e1gio Internacional 2019<\/a><\/h2><\/header><div class=\"eael-entry-content\">\n                        <div class=\"eael-grid-post-excerpt\"><p>Conhe\u00e7a as atividades e relat\u00f3rios dos participantes do Est\u00e1gio Internacional Iberbibliotecas 2019.<\/p><a\n                            href=\"https:\/\/www.iberbibliotecas.org\/por\/pasantias-internacionales-2019\/\"\n                            class=\"eael-post-elements-readmore-btn\"rel=\"nofollow\">Ver mais<\/a><\/div>\n                    <\/div><\/div><\/div>\n        <\/div>\n    <\/article><article class=\"eael-grid-post eael-post-grid-column\" data-id=\"8410\">\n        <div class=\"eael-grid-post-holder\">\n            <div class=\"eael-grid-post-holder-inner\"><div class=\"eael-entry-media\"><div class=\"eael-entry-overlay fade-in\"><i class=\"\" aria-hidden=\"true\"><\/i><a href=\"https:\/\/www.iberbibliotecas.org\/por\/pasantias-internacionales-2018-madrid-espana\/\"target=\"_blank\"><\/a><\/div><div class=\"eael-entry-thumbnail\">\n                <img width=\"1200\" height=\"630\" src=\"https:\/\/www.iberbibliotecas.org\/wp-content\/uploads\/2021\/02\/Pasantias2018_3_OGIMAGE.jpg\" class=\"attachment-full size-full\" alt=\"\" decoding=\"async\" loading=\"lazy\" srcset=\"https:\/\/www.iberbibliotecas.org\/wp-content\/uploads\/2021\/02\/Pasantias2018_3_OGIMAGE.jpg 1200w, https:\/\/www.iberbibliotecas.org\/wp-content\/uploads\/2021\/02\/Pasantias2018_3_OGIMAGE-300x158.jpg 300w, https:\/\/www.iberbibliotecas.org\/wp-content\/uploads\/2021\/02\/Pasantias2018_3_OGIMAGE-1024x538.jpg 1024w, https:\/\/www.iberbibliotecas.org\/wp-content\/uploads\/2021\/02\/Pasantias2018_3_OGIMAGE-768x403.jpg 768w, https:\/\/www.iberbibliotecas.org\/wp-content\/uploads\/2021\/02\/Pasantias2018_3_OGIMAGE-16x8.jpg 16w\" sizes=\"100vw\" \/>\n            <\/div>\n        <\/div><div class=\"eael-entry-wrapper\"><header class=\"eael-entry-header\"><h2 class=\"eael-entry-title\"><a\n                        class=\"eael-grid-post-link\"\n                        href=\"https:\/\/www.iberbibliotecas.org\/por\/pasantias-internacionales-2018-madrid-espana\/\"\n                        title=\"Pasant\u00eda internacional 2018\">Pasant\u00eda internacional 2018<\/a><\/h2><\/header><div class=\"eael-entry-content\">\n                        <div class=\"eael-grid-post-excerpt\"><p>Conhe\u00e7a as atividades e relat\u00f3rios dos participantes do Est\u00e1gio Internacional Iberbibliotecas 2018<\/p><a\n                            href=\"https:\/\/www.iberbibliotecas.org\/por\/pasantias-internacionales-2018-madrid-espana\/\"\n                            class=\"eael-post-elements-readmore-btn\"rel=\"nofollow\">Ver mais<\/a><\/div>\n                    <\/div><\/div><\/div>\n        <\/div>\n    <\/article><article class=\"eael-grid-post eael-post-grid-column\" data-id=\"5222\">\n        <div class=\"eael-grid-post-holder\">\n            <div class=\"eael-grid-post-holder-inner\"><div class=\"eael-entry-media\"><div class=\"eael-entry-overlay fade-in\"><i class=\"\" aria-hidden=\"true\"><\/i><a href=\"https:\/\/www.iberbibliotecas.org\/por\/memorias-pasantias-internacionales-2017\/\"target=\"_blank\"><\/a><\/div><div class=\"eael-entry-thumbnail\">\n                <img width=\"1200\" height=\"630\" src=\"https:\/\/www.iberbibliotecas.org\/wp-content\/uploads\/2017\/02\/Pasantias2017_og.jpg\" class=\"attachment-full size-full\" alt=\"\" decoding=\"async\" loading=\"lazy\" srcset=\"https:\/\/www.iberbibliotecas.org\/wp-content\/uploads\/2017\/02\/Pasantias2017_og.jpg 1200w, https:\/\/www.iberbibliotecas.org\/wp-content\/uploads\/2017\/02\/Pasantias2017_og-300x158.jpg 300w, https:\/\/www.iberbibliotecas.org\/wp-content\/uploads\/2017\/02\/Pasantias2017_og-1024x538.jpg 1024w, https:\/\/www.iberbibliotecas.org\/wp-content\/uploads\/2017\/02\/Pasantias2017_og-768x403.jpg 768w, https:\/\/www.iberbibliotecas.org\/wp-content\/uploads\/2017\/02\/Pasantias2017_og-16x8.jpg 16w\" sizes=\"100vw\" \/>\n            <\/div>\n        <\/div><div class=\"eael-entry-wrapper\"><header class=\"eael-entry-header\"><h2 class=\"eael-entry-title\"><a\n                        class=\"eael-grid-post-link\"\n                        href=\"https:\/\/www.iberbibliotecas.org\/por\/memorias-pasantias-internacionales-2017\/\"\n                        title=\"Est\u00e1gio Internacional 2017\">Est\u00e1gio Internacional 2017<\/a><\/h2><\/header><div class=\"eael-entry-content\">\n                        <div class=\"eael-grid-post-excerpt\"><p>Conhe\u00e7a as atividades e relat\u00f3rios dos participantes do Est\u00e1gio Internacional Iberbibliotecas 2017.<\/p><a\n                            href=\"https:\/\/www.iberbibliotecas.org\/por\/memorias-pasantias-internacionales-2017\/\"\n                            class=\"eael-post-elements-readmore-btn\"rel=\"nofollow\">Ver mais<\/a><\/div>\n                    <\/div><\/div><\/div>\n        <\/div>\n    <\/article><\/div>\n            <div class=\"clearfix\"><\/div>\n        <\/div>            <div class=\"eael-load-more-button-wrap eael-force-hide\">\n                <button class=\"eael-load-more-button\" id=\"eael-load-more-btn-c931f71\" data-widget-id=\"c931f71\" data-widget=\"c931f71\" data-page-id=\"1399\" data-nonce=\"2b6cd99799\" data-template=\"{&quot;dir&quot;:&quot;lite&quot;,&quot;file_name&quot;:&quot;default.php&quot;,&quot;name&quot;:&quot;Post-Grid&quot;}\" data-class=\"Essential_Addons_Elementor\\Elements\\Post_Grid\" data-layout=\"grid\" data-page=\"1\" data-args=\"orderby=ID&amp;order=desc&amp;ignore_sticky_posts=1&amp;post_status=publish&amp;posts_per_page=4&amp;offset=0&amp;post_type=post&amp;tax_query%5B0%5D%5Btaxonomy%5D=category&amp;tax_query%5B0%5D%5Bfield%5D=term_id&amp;tax_query%5B0%5D%5Bterms%5D%5B0%5D=36&amp;tax_query%5Brelation%5D=AND\" data-max-page=\"2\">\n                    <div class=\"eael-btn-loader button__loader\"><\/div>\n                    <span>Cargar m\u00e1s<\/span>\n                <\/button>\n            <\/div>\n        \t\t<\/div>\n\t\t\t\t<\/div>\n\t\t\t\t\t\t<\/div>\n\t\t\t\t\t<\/div>\n\t\t<\/div>\n\t\t\t\t\t\t\t\t<\/div>\n\t\t\t\t\t<\/div>\n\t\t<\/section>\n\t\t\t\t\t\t\t\t\t<\/div>\n\t\t\t<\/div>\n\t\t\t\t\t<\/div>","protected":false},"excerpt":{"rendered":"<p>MEMORIAS PASANT\u00cdAS INTERNACIONALES \u00bfQU\u00c9 ENCONTRAR\u00c1S? Con el objetivo de contribuir al desarrollo de recursos humanos suficientes y altamente cualificados para asumir los retos que las bibliotecas p\u00fablicas tienen en la &hellip; <\/p>\n<p class=\"link-more\"><a href=\"https:\/\/www.iberbibliotecas.org\/por\/memorias-pasantias-internacionales-2017\/\" class=\"more-link\">Continue lendo<span class=\"screen-reader-text\"> &#8220;Pasant\u00eda Internacional 2017&#8221;<\/span><\/a><\/p>","protected":false},"author":1,"featured_media":4856,"parent":5590,"menu_order":0,"comment_status":"closed","ping_status":"closed","template":"elementor_header_footer","meta":{"_EventAllDay":false,"_EventTimezone":"","_EventStartDate":"","_EventEndDate":"","_EventStartDateUTC":"","_EventEndDateUTC":"","_EventShowMap":false,"_EventShowMapLink":false,"_EventURL":"","_EventCost":"","_EventCostDescription":"","_EventCurrencySymbol":"","_EventCurrencyCode":"","_EventCurrencyPosition":"","_EventDateTimeSeparator":"","_EventTimeRangeSeparator":"","_EventOrganizerID":[],"_EventVenueID":0,"_OrganizerEmail":"","_OrganizerPhone":"","_OrganizerWebsite":"","_VenueAddress":"","_VenueCity":"","_VenueCountry":"","_VenueProvince":"","_VenueZip":"","_VenuePhone":"","_VenueURL":"","_VenueStateProvince":"","_VenueLat":"","_VenueLng":""},"yoast_head":"<!-- This site is optimized with the Yoast SEO plugin v20.11 - https:\/\/yoast.com\/wordpress\/plugins\/seo\/ -->\n<title>Memor\u00edas Pasant\u00edas Internacionales - Iberbibliotecas<\/title>\n<meta name=\"description\" content=\"Conoce todas las actividades realizadas en las diferentes ediciones de las Pasant\u00edas Internacionales Iberbibliotecas\" \/>\n<meta name=\"robots\" content=\"index, follow, max-snippet:-1, max-image-preview:large, max-video-preview:-1\" \/>\n<link rel=\"canonical\" href=\"https:\/\/www.iberbibliotecas.org\/por\/experiencias\/memorias-pasantias-internacionales\/\" \/>\n<meta property=\"og:locale\" content=\"pt_BR\" \/>\n<meta property=\"og:type\" content=\"article\" \/>\n<meta property=\"og:title\" content=\"Memor\u00edas Pasant\u00edas Internacionales - Iberbibliotecas\" \/>\n<meta property=\"og:description\" content=\"Conoce todas las actividades realizadas en las diferentes ediciones de las Pasant\u00edas Internacionales Iberbibliotecas\" \/>\n<meta property=\"og:url\" content=\"https:\/\/www.iberbibliotecas.org\/por\/experiencias\/memorias-pasantias-internacionales\/\" \/>\n<meta property=\"og:site_name\" content=\"Iberbibliotecas\" \/>\n<meta property=\"article:modified_time\" content=\"2024-02-09T21:45:14+00:00\" \/>\n<meta property=\"og:image\" content=\"https:\/\/www.iberbibliotecas.org\/wp-content\/uploads\/2021\/02\/Pasantias-2018-Madrid.jpg\" \/>\n\t<meta property=\"og:image:width\" content=\"1600\" \/>\n\t<meta property=\"og:image:height\" content=\"900\" \/>\n\t<meta property=\"og:image:type\" content=\"image\/jpeg\" \/>\n<meta name=\"twitter:card\" content=\"summary_large_image\" \/>\n<meta name=\"twitter:label1\" content=\"Est. tempo de leitura\" \/>\n\t<meta name=\"twitter:data1\" content=\"2 minutos\" \/>\n<script type=\"application\/ld+json\" class=\"yoast-schema-graph\">{\"@context\":\"https:\/\/schema.org\",\"@graph\":[{\"@type\":\"WebPage\",\"@id\":\"https:\/\/www.iberbibliotecas.org\/experiencias\/memorias-pasantias-internacionales\/\",\"url\":\"https:\/\/www.iberbibliotecas.org\/experiencias\/memorias-pasantias-internacionales\/\",\"name\":\"Memor\u00edas Pasant\u00edas Internacionales - Iberbibliotecas\",\"isPartOf\":{\"@id\":\"https:\/\/www.iberbibliotecas.org\/#website\"},\"datePublished\":\"2021-01-07T21:11:27+00:00\",\"dateModified\":\"2024-02-09T21:45:14+00:00\",\"description\":\"Conoce todas las actividades realizadas en las diferentes ediciones de las Pasant\u00edas Internacionales Iberbibliotecas\",\"breadcrumb\":{\"@id\":\"https:\/\/www.iberbibliotecas.org\/experiencias\/memorias-pasantias-internacionales\/#breadcrumb\"},\"inLanguage\":\"pt-BR\",\"potentialAction\":[{\"@type\":\"ReadAction\",\"target\":[\"https:\/\/www.iberbibliotecas.org\/experiencias\/memorias-pasantias-internacionales\/\"]}]},{\"@type\":\"BreadcrumbList\",\"@id\":\"https:\/\/www.iberbibliotecas.org\/experiencias\/memorias-pasantias-internacionales\/#breadcrumb\",\"itemListElement\":[{\"@type\":\"ListItem\",\"position\":1,\"name\":\"Inicio\",\"item\":\"https:\/\/www.iberbibliotecas.org\/\"},{\"@type\":\"ListItem\",\"position\":2,\"name\":\"Experiencias\",\"item\":\"https:\/\/www.iberbibliotecas.org\/experiencias\/\"},{\"@type\":\"ListItem\",\"position\":3,\"name\":\"Memor\u00edas Pasant\u00edas Internacionales\"}]},{\"@type\":\"WebSite\",\"@id\":\"https:\/\/www.iberbibliotecas.org\/#website\",\"url\":\"https:\/\/www.iberbibliotecas.org\/\",\"name\":\"Iberbibliotecas\",\"description\":\"\",\"publisher\":{\"@id\":\"https:\/\/www.iberbibliotecas.org\/#organization\"},\"potentialAction\":[{\"@type\":\"SearchAction\",\"target\":{\"@type\":\"EntryPoint\",\"urlTemplate\":\"https:\/\/www.iberbibliotecas.org\/?s={search_term_string}\"},\"query-input\":\"required name=search_term_string\"}],\"inLanguage\":\"pt-BR\"},{\"@type\":\"Organization\",\"@id\":\"https:\/\/www.iberbibliotecas.org\/#organization\",\"name\":\"Iberbibliotecas\",\"url\":\"https:\/\/www.iberbibliotecas.org\/\",\"logo\":{\"@type\":\"ImageObject\",\"inLanguage\":\"pt-BR\",\"@id\":\"https:\/\/www.iberbibliotecas.org\/#\/schema\/logo\/image\/\",\"url\":\"https:\/\/www.iberbibliotecas.org\/wp-content\/uploads\/2021\/03\/logo_c_ib.png\",\"contentUrl\":\"https:\/\/www.iberbibliotecas.org\/wp-content\/uploads\/2021\/03\/logo_c_ib.png\",\"width\":289,\"height\":180,\"caption\":\"Iberbibliotecas\"},\"image\":{\"@id\":\"https:\/\/www.iberbibliotecas.org\/#\/schema\/logo\/image\/\"}}]}<\/script>\n<!-- \/ Yoast SEO plugin. -->","yoast_head_json":{"title":"Memor\u00edas Pasant\u00edas Internacionales - Iberbibliotecas","description":"Conoce todas las actividades realizadas en las diferentes ediciones de las Pasant\u00edas Internacionales Iberbibliotecas","robots":{"index":"index","follow":"follow","max-snippet":"max-snippet:-1","max-image-preview":"max-image-preview:large","max-video-preview":"max-video-preview:-1"},"canonical":"https:\/\/www.iberbibliotecas.org\/por\/experiencias\/memorias-pasantias-internacionales\/","og_locale":"pt_BR","og_type":"article","og_title":"Memor\u00edas Pasant\u00edas Internacionales - Iberbibliotecas","og_description":"Conoce todas las actividades realizadas en las diferentes ediciones de las Pasant\u00edas Internacionales Iberbibliotecas","og_url":"https:\/\/www.iberbibliotecas.org\/por\/experiencias\/memorias-pasantias-internacionales\/","og_site_name":"Iberbibliotecas","article_modified_time":"2024-02-09T21:45:14+00:00","og_image":[{"width":1600,"height":900,"url":"https:\/\/www.iberbibliotecas.org\/wp-content\/uploads\/2021\/02\/Pasantias-2018-Madrid.jpg","type":"image\/jpeg"}],"twitter_card":"summary_large_image","twitter_misc":{"Est. tempo de leitura":"2 minutos"},"schema":{"@context":"https:\/\/schema.org","@graph":[{"@type":"WebPage","@id":"https:\/\/www.iberbibliotecas.org\/experiencias\/memorias-pasantias-internacionales\/","url":"https:\/\/www.iberbibliotecas.org\/experiencias\/memorias-pasantias-internacionales\/","name":"Memor\u00edas Pasant\u00edas Internacionales - Iberbibliotecas","isPartOf":{"@id":"https:\/\/www.iberbibliotecas.org\/#website"},"datePublished":"2021-01-07T21:11:27+00:00","dateModified":"2024-02-09T21:45:14+00:00","description":"Conoce todas las actividades realizadas en las diferentes ediciones de las Pasant\u00edas Internacionales Iberbibliotecas","breadcrumb":{"@id":"https:\/\/www.iberbibliotecas.org\/experiencias\/memorias-pasantias-internacionales\/#breadcrumb"},"inLanguage":"pt-BR","potentialAction":[{"@type":"ReadAction","target":["https:\/\/www.iberbibliotecas.org\/experiencias\/memorias-pasantias-internacionales\/"]}]},{"@type":"BreadcrumbList","@id":"https:\/\/www.iberbibliotecas.org\/experiencias\/memorias-pasantias-internacionales\/#breadcrumb","itemListElement":[{"@type":"ListItem","position":1,"name":"Inicio","item":"https:\/\/www.iberbibliotecas.org\/"},{"@type":"ListItem","position":2,"name":"Experiencias","item":"https:\/\/www.iberbibliotecas.org\/experiencias\/"},{"@type":"ListItem","position":3,"name":"Memor\u00edas Pasant\u00edas Internacionales"}]},{"@type":"WebSite","@id":"https:\/\/www.iberbibliotecas.org\/#website","url":"https:\/\/www.iberbibliotecas.org\/","name":"Iberbibliotecas","description":"","publisher":{"@id":"https:\/\/www.iberbibliotecas.org\/#organization"},"potentialAction":[{"@type":"SearchAction","target":{"@type":"EntryPoint","urlTemplate":"https:\/\/www.iberbibliotecas.org\/?s={search_term_string}"},"query-input":"required name=search_term_string"}],"inLanguage":"pt-BR"},{"@type":"Organization","@id":"https:\/\/www.iberbibliotecas.org\/#organization","name":"Iberbibliotecas","url":"https:\/\/www.iberbibliotecas.org\/","logo":{"@type":"ImageObject","inLanguage":"pt-BR","@id":"https:\/\/www.iberbibliotecas.org\/#\/schema\/logo\/image\/","url":"https:\/\/www.iberbibliotecas.org\/wp-content\/uploads\/2021\/03\/logo_c_ib.png","contentUrl":"https:\/\/www.iberbibliotecas.org\/wp-content\/uploads\/2021\/03\/logo_c_ib.png","width":289,"height":180,"caption":"Iberbibliotecas"},"image":{"@id":"https:\/\/www.iberbibliotecas.org\/#\/schema\/logo\/image\/"}}]}},"_links":{"self":[{"href":"https:\/\/www.iberbibliotecas.org\/por\/wp-json\/wp\/v2\/pages\/1399"}],"collection":[{"href":"https:\/\/www.iberbibliotecas.org\/por\/wp-json\/wp\/v2\/pages"}],"about":[{"href":"https:\/\/www.iberbibliotecas.org\/por\/wp-json\/wp\/v2\/types\/page"}],"author":[{"embeddable":true,"href":"https:\/\/www.iberbibliotecas.org\/por\/wp-json\/wp\/v2\/users\/1"}],"replies":[{"embeddable":true,"href":"https:\/\/www.iberbibliotecas.org\/por\/wp-json\/wp\/v2\/comments?post=1399"}],"version-history":[{"count":6,"href":"https:\/\/www.iberbibliotecas.org\/por\/wp-json\/wp\/v2\/pages\/1399\/revisions"}],"predecessor-version":[{"id":18290,"href":"https:\/\/www.iberbibliotecas.org\/por\/wp-json\/wp\/v2\/pages\/1399\/revisions\/18290"}],"up":[{"embeddable":true,"href":"https:\/\/www.iberbibliotecas.org\/por\/wp-json\/wp\/v2\/pages\/5590"}],"wp:featuredmedia":[{"embeddable":true,"href":"https:\/\/www.iberbibliotecas.org\/por\/wp-json\/wp\/v2\/media\/4856"}],"wp:attachment":[{"href":"https:\/\/www.iberbibliotecas.org\/por\/wp-json\/wp\/v2\/media?parent=1399"}],"curies":[{"name":"wp","href":"https:\/\/api.w.org\/{rel}","templated":true}]}}